{"id":462,"date":"2019-08-07T10:42:09","date_gmt":"2019-08-07T08:42:09","guid":{"rendered":"http:\/\/club.elnacional.cat\/?page_id=462"},"modified":"2019-09-26T10:11:56","modified_gmt":"2019-09-26T08:11:56","slug":"politica-de-privacidad","status":"publish","type":"page","link":"https:\/\/club.elnacional.cat\/es\/politica-de-privacidad\/","title":{"rendered":"Politica de Privacidad"},"content":{"rendered":"\n<p><strong>\u00bfQuien es el responsable del tratamiento de sus datos de car\u00e1cter personal?<\/strong><\/p>\n\n\n\n<p>A los efectos de lo establecido en el Reglamento Europeo 2016\/679 del Parlamento Europeo y del Consejo de 27 de abril de 2016 y en la Ley Org\u00e1nica 3\/2018, de 5 de diciembre, de Protecci\u00f3n de Datos Personales y Garant\u00eda de los Derechos Digitales, se le informa de que GRUP LES NOTICIES DE CATALUNYA, S.L. con domicilio en Num\u00e0ncia, 46, 4a A, mediante su representante Sra. Cristina Coll Huix&nbsp; con la siguiente cuenta de correo electr\u00f3nico&nbsp;<a href=\"mailto:lopd@elnacional.cat\">lopd@elnacional.cat<\/a>&nbsp;es el responsable del tratamiento sus datos de car\u00e1cter personal.<\/p>\n\n\n\n<p><strong>\u00bfCon que finalidad trataremos sus datos personales?<\/strong><\/p>\n\n\n\n<p>En el GRUP LES NOTICIES DE CATALUNYA, S.L. utilizamos y tratamos los datos personales recabados con distintas finalidades en funci\u00f3n de lo que usted haya autorizado y consentido expresamente. Estas finalidades pueden ser:<\/p>\n\n\n\n<ul class=\"wp-block-list\"><li>Comunicaciones de noticias y art\u00edculos de inter\u00e9s a trav\u00e9s de nuestro sistema de subscripciones del GRUP LES NOTICIES DE CATALUNYA, S.L.: Obtenemos sus datos personales, una vez usted nos haya proporcionado la direcci\u00f3n de su cuenta de e-mail tras concedernos el consentimiento para su tratamiento. La finalidad del referido tratamiento es transmitirle y comunicarle la informaci\u00f3n y las noticias de actualidad diarias.<br>El tratamiento relativo a comunicaciones de noticias y art\u00edculos de inter\u00e9s a trav\u00e9s de nuestro sistema de subscripciones del GRUP LES NOTICIES DE CATALUNYA, S.L. solo se efectuara cuando usted haya consentido, expresamente, el expresado tratamiento a trav\u00e9s de la marcaci\u00f3n de la casilla\/bot\u00f3n correspondiente.<\/li><li>En el caso de que usted se haya inscrito en el Club El Nacional, los datos se utilizar\u00e1n para poder ofrecerle los servicios, ventajas, promociones, etc. que se ofrecen a los Socios del Club El Nacional. Asimismo, si usted se ha inscrito en el bolet\u00edn del Club El Nacional, tambi\u00e9n se utilizar\u00e1n los datos personales para enviarle comunicaciones comerciales con los productos y novedades que se ofecen a los Socios del Club El Nacional.<\/li><li>Posible uso de cookies propias y de terceros para mejorar su experiencia en la navegaci\u00f3n y en futuras visitas como; controlar el tr\u00e1fico y la comunicaci\u00f3n de datos, identificar la sesi\u00f3n, acceder a partes de acceso restringido, permitir al usuario acceder al servicio con algunas caracter\u00edsticas de car\u00e1cter general predefinidas, gestionar la publidad en funci\u00f3n de sus habitos de navegaci\u00f3n, mejorar la web mediante estimaciones sobre n\u00fameros y patrones de uso asi como an\u00e1lizar el comportamiento de los usuarios.<br>Una parte de la informaci\u00f3n recogida en las Cookies puede ser de car\u00e1cter personal y obtenemos sus datos personales a cuando usted haya consentido expresamente su uso al entrar en nuestro sitio web.<br>El tratamento de sus datos personales recabados mediante cookies solamente se realizar\u00e1 tras la aceptaci\u00f3n del sistema de cookies en la casilla\/bot\u00f3n correspondiente.<\/li><li>Cumplimiento nuestros deberes y obligaciones de naturaleza legal respecto de mantenimiento de datos, as\u00ed como para poder dar cumplimiento a cualquier requerimiento de informaci\u00f3n cursado por una autoridad competente. Entre estas obligaciones se incluye la entrega, en determinadas circunstancias, de datos de car\u00e1cter personal a los citados \u00f3rganos.<\/li><\/ul>\n\n\n\n<p>Este tratamiento de datos est\u00e1 basado en la existencia para el GRUP LES NOTICIES DE CATALUNYA, S.L. de una obligaci\u00f3n legal de colaboraci\u00f3n con tales organismos.<\/p>\n\n\n\n<p><strong>\u00bfCu\u00e1l es la legitimaci\u00f3n para el tratamiento de sus datos y qu\u00e9 ocurre si no facilito los datos solicitados?<\/strong><\/p>\n\n\n\n<p>El uso de sus datos en las condiciones y para la finalidades anteriormente descritas est\u00e1 permitido por la normativa de protecci\u00f3n de datos europea de conformidad con las siguientes bases jur\u00eddicas:<\/p>\n\n\n\n<ul class=\"wp-block-list\"><li>Para las comunicaciones de noticias y art\u00edculos de inter\u00e9s a trav\u00e9s de nuestro sistema de subscripciones, se ha obtenido su consentimiento (se le ha presentado un formulario de consentimiento para que autorice el tratamiento de sus datos con determinadas finalidades). Lo mismo sucede con las comunicaciones comerciales realizadas como consecuencia de su subscripci\u00f3n al bolet\u00edn del Club El Nacional (previa obtenci\u00f3n de su consentimiento mediante un formulario de autorizaci\u00f3n).<\/li><li>Para el uso de cookies que tratan datos de car\u00e1cter personal se ha obtenido su consenitmiento (se le ha presentado un formulario de consentimiento que ha sido aceptado).<\/li><\/ul>\n\n\n\n<p>Para el cumplimiento de nuestros deberes y obligaciones de naturlaeza legal y dado que el tratamiento de sus datos es necesario para cumplir con nuestros deberes y &nbsp;obligaciones legales, estar\u00e1 obligado a facilitar sus datos personales por imperativo legal. La negativa a suministrar sus &nbsp;datos personales podr\u00eda suponer la imposibilidad de cumplir con estas obligaciones legales y la autoridad competente se las requerir\u00e1 en segunda instancia<\/p>\n\n\n\n<p><strong>\u00bfPor cu\u00e1nto tiempo conservaremos sus datos?<\/strong><\/p>\n\n\n\n<p>Sus datos personales ser\u00e1n conservados durante el tiempo necesario para cumplir la finalidad para la cual se recogieron y cuando proceda durante el tiempo en que pueda exigirse alg\u00fan tipo de responsabilidad derivada de una relaci\u00f3n u obligaci\u00f3n jur\u00eddica o de la ejecuci\u00f3n de un contrato o de la aplicaci\u00f3n de medidas precontractuales solicitadas por usted.<\/p>\n\n\n\n<p>Si sus datos han sido recogidos para varias finalidades distintas que nos obligan a conservarlas durante plazos distintos aplicaremos el plazo de conservaci\u00f3n m\u00e1s largo.<\/p>\n\n\n\n<p><strong>Medidas de seguridad:<\/strong><\/p>\n\n\n\n<p>GRUP LES NOTICIES DE CATALUNYA, S.L.,&nbsp; se compromete al cumplimiento de su obligaci\u00f3n de secreto de los datos de car\u00e1cter personal y de su deber de guardarlos. Aunque en las transmisiones de datos a trav\u00e9s de internet o desde una web no es posible garantizar una protecci\u00f3n absoluta contra intrusiones, tanto nosotros como nuestros socios de negocio dedicamos los m\u00e1ximos esfuerzos para mantener las medidas de protecci\u00f3n f\u00edsicas, electr\u00f3nicas y procedimentales para garantizar la protecci\u00f3n de sus datos personales y evitar su alteraci\u00f3n, p\u00e9rdida, tratamiento o uso no autorizado.<\/p>\n\n\n\n<p>En aquellos casos en que le hayamos facilitado una contrase\u00f1a, o usted la haya elegido, que le permita acceder a determinadas partes de nuestra web o de cualquier otro portal bajo nuestro control, ser\u00e1 de car\u00e1cter personal e intransferible y usted se hace responsable de mantenerla en secreto y de cumplir con todos los dem\u00e1s procedimientos de seguridad que le notifiquemos.<\/p>\n\n\n\n<p>GRUP LES NOTICIES DE CATALUNYA, S.L. podr\u00e1, en su caso, comunicar los datos personales recabados a empresas del grupo as\u00ed como a otros colaboradores autorizados que, en calidad de encargados, podr\u00e1n tratarlos para las finalidades expresamente autorizadas y consentidas por usted. No obstante, sus datos personales no podr\u00e1n ser cedidos a terceros sin su previa autorizaci\u00f3n, salvo obligaci\u00f3n legal.<\/p>\n\n\n\n<p><strong>\u00bfCu\u00e1les son sus derechos cuando nos facilita sus datos?<\/strong><\/p>\n\n\n\n<p>Le recordamos que usted tiene derecho a:<\/p>\n\n\n\n<ul class=\"wp-block-list\"><li>Revocar su consentimiento para el tratamiento de datos para esos fines, en los casos &nbsp;&nbsp; en los que el tratamiento de sus datos est\u00e9 condicionado al consentimiento.<\/li><li>Solicitar m\u00e1s detalles e informaci\u00f3n sobre el uso que hacemos de sus datos personales.<\/li><li>Corregir inexactitudes en la informaci\u00f3n que mantenemos.<\/li><li>Borrar informaci\u00f3n&nbsp; para cuyo uso ya no tengamos base jur\u00eddica.<\/li><li>Oponerse a cualquier tratamiento de sus datos que tome como base jur\u00eddica el inter\u00e9s legitimo a menos que nuestros motivos para llevar a cabo ese tratamiento compensen cualquier posible perjuicio hacia sus derechos de protecci\u00f3n de datos.<\/li><li>Restringir y limitar la manera en que utilizamos sus datos mientras se investiga una reclamaci\u00f3n.<\/li><li>Solicitar la portabilidad de sus datos personales.<\/li><\/ul>\n\n\n\n<p>Puede ejercer cualquiera de estos derechos mediante solicitud dirigida a GRUP LES NOTICIES DE CATALUNYA, S.L. por escrito a la calle Num\u00e0ncia, 46, 4a A, llamando al tel\u00e9fono 93 173 00 99 o comunic\u00e1ndolo por escrito a nuestra direcci\u00f3n de correo electr\u00f3nico&nbsp;<a href=\"mailto:lopd@elnacional.cat\">lopd@elnacional.cat<\/a><\/p>\n\n\n\n<p>Si usted ejerciera alguno de estos derechos, comprobaremos que est\u00e1 facultado realmente para ello, y le responderemos en un mes o en el plazo m\u00e1ximo previsto en la normativa espa\u00f1ola, si \u00e9ste fuera inferior.<\/p>\n\n\n\n<p>Si no est\u00e1 satisfecho con la manera en que utilizamos su informaci\u00f3n o con nuestra respuesta ante el ejercicio de cualquiera de estos derechos, puede presentar una reclamaci\u00f3n ante la Agencia Espa\u00f1ola de Protecci\u00f3n de Datos u otros \u00f3rganos competentes.<\/p>\n\n\n\n<p>Si tiene alguna duda acerca de cualquiera de la informaci\u00f3n expuesta puede contactar en todo momento con nuestro Delegado de protecci\u00f3n de datos: por escrito en Num\u00e0ncia, 46, 4a A y\/o en la siguiente&nbsp; cuenta de correo electr\u00f3nico&nbsp;<a href=\"mailto:lopd@elnacional.cat\">lopd@elnacional.cat<\/a><\/p>\n\n\n\n<p><strong>Cookies:<\/strong><\/p>\n\n\n\n<p>La web utiliza una serie de cookies propias y de terceros que recaban informaci\u00f3n durante la navegaci\u00f3n del usuario de la web a fin de mejorar su experiencia durante la misma.<\/p>\n\n\n\n<p>En el apartado de \u00abpol\u00edtica de cookies\u200b\u00bb listamos una relaci\u00f3n de las cookies utilizadas por la web que quedan almacenadas en el terminal que utiliza el usuario para poder acceder y navegar por la misma. Para m\u00e1s informaci\u00f3n consulte nuestra&nbsp;<a href=\"https:\/\/www.elnacional.cat\/es\/politica-de-cookies.html\" rel=\"noreferrer noopener\" target=\"_blank\">pol\u00edtica de cookies<\/a>\u200b.<\/p>\n\n\n\n<p><strong>Aplicaciones de terceros:<\/strong><\/p>\n\n\n\n<p>Las aplicaciones que se indique ser titularidad de terceros (ej. De validaci\u00f3n de usuario o con otros fines) pueden conllevar la transmisi\u00f3n de datos de car\u00e1cter personal a los titulares de las mismas (ej. Twitter, Facebook, Youtube, Instagram, etc. ). GRUP LES NOTICIES DE CATALUNYA, S.L. no guarda ninguna informaci\u00f3n de car\u00e1cter personal en relaci\u00f3n a estas transmisiones, \u00fanicamente utiliza las funcionalidades de la aplicaci\u00f3n correspondiente, y por tanto, no se hace responsable del tratamiento de datos que puedan realizar estos terceros, quedando el usuario que opta por usarlas sujeto a los t\u00e9rminos y condiciones acordados con los titulares de estas aplicaciones.<\/p>\n","protected":false},"excerpt":{"rendered":"<p>\u00bfQuien es el responsable del tratamiento de sus datos de car\u00e1cter personal? A los efectos de lo establecido en el Reglamento Europeo 2016\/679 del Parlamento Europeo y del Consejo de 27 de abril de 2016 y en la Ley Org\u00e1nica 3\/2018, de 5 de diciembre, de Protecci\u00f3n de Datos Personales y Garant\u00eda de los Derechos &hellip; <a href=\"https:\/\/club.elnacional.cat\/es\/politica-de-privacidad\/\">Continued<\/a><\/p>\n","protected":false},"author":5,"featured_media":0,"parent":0,"menu_order":0,"comment_status":"closed","ping_status":"closed","template":"views\/page-privacy.blade.php","meta":{"_acf_changed":false,"footnotes":""},"class_list":["post-462","page","type-page","status-publish","hentry"],"acf":[],"_links":{"self":[{"href":"https:\/\/club.elnacional.cat\/es\/wp-json\/wp\/v2\/pages\/462","targetHints":{"allow":["GET"]}}],"collection":[{"href":"https:\/\/club.elnacional.cat\/es\/wp-json\/wp\/v2\/pages"}],"about":[{"href":"https:\/\/club.elnacional.cat\/es\/wp-json\/wp\/v2\/types\/page"}],"author":[{"embeddable":true,"href":"https:\/\/club.elnacional.cat\/es\/wp-json\/wp\/v2\/users\/5"}],"replies":[{"embeddable":true,"href":"https:\/\/club.elnacional.cat\/es\/wp-json\/wp\/v2\/comments?post=462"}],"version-history":[{"count":0,"href":"https:\/\/club.elnacional.cat\/es\/wp-json\/wp\/v2\/pages\/462\/revisions"}],"wp:attachment":[{"href":"https:\/\/club.elnacional.cat\/es\/wp-json\/wp\/v2\/media?parent=462"}],"curies":[{"name":"wp","href":"https:\/\/api.w.org\/{rel}","templated":true}]}}

<p><strong>¿Quien es el responsable del tratamiento de sus datos de carácter personal?</strong></p>



<p>A los efectos de lo establecido en el Reglamento Europeo 2016/679 del Parlamento Europeo y del Consejo de 27 de abril de 2016 y en la Ley Orgánica 3/2018, de 5 de diciembre, de Protección de Datos Personales y Garantía de los Derechos Digitales, se le informa de que GRUP LES NOTICIES DE CATALUNYA, S.L. con domicilio en Numància, 46, 4a A, mediante su representante Sra. Cristina Coll Huix&nbsp; con la siguiente cuenta de correo electrónico&nbsp;<a href="mailto:lopd@elnacional.cat">lopd@elnacional.cat</a>&nbsp;es el responsable del tratamiento sus datos de carácter personal.</p>



<p><strong>¿Con que finalidad trataremos sus datos personales?</strong></p>



<p>En el GRUP LES NOTICIES DE CATALUNYA, S.L. utilizamos y tratamos los datos personales recabados con distintas finalidades en función de lo que usted haya autorizado y consentido expresamente. Estas finalidades pueden ser:</p>



<ul class="wp-block-list"><li>Comunicaciones de noticias y artículos de interés a través de nuestro sistema de subscripciones del GRUP LES NOTICIES DE CATALUNYA, S.L.: Obtenemos sus datos personales, una vez usted nos haya proporcionado la dirección de su cuenta de e-mail tras concedernos el consentimiento para su tratamiento. La finalidad del referido tratamiento es transmitirle y comunicarle la información y las noticias de actualidad diarias.<br>El tratamiento relativo a comunicaciones de noticias y artículos de interés a través de nuestro sistema de subscripciones del GRUP LES NOTICIES DE CATALUNYA, S.L. solo se efectuara cuando usted haya consentido, expresamente, el expresado tratamiento a través de la marcación de la casilla/botón correspondiente.</li><li>En el caso de que usted se haya inscrito en el Club El Nacional, los datos se utilizarán para poder ofrecerle los servicios, ventajas, promociones, etc. que se ofrecen a los Socios del Club El Nacional. Asimismo, si usted se ha inscrito en el boletín del Club El Nacional, también se utilizarán los datos personales para enviarle comunicaciones comerciales con los productos y novedades que se ofecen a los Socios del Club El Nacional.</li><li>Posible uso de cookies propias y de terceros para mejorar su experiencia en la navegación y en futuras visitas como; controlar el tráfico y la comunicación de datos, identificar la sesión, acceder a partes de acceso restringido, permitir al usuario acceder al servicio con algunas características de carácter general predefinidas, gestionar la publidad en función de sus habitos de navegación, mejorar la web mediante estimaciones sobre números y patrones de uso asi como análizar el comportamiento de los usuarios.<br>Una parte de la información recogida en las Cookies puede ser de carácter personal y obtenemos sus datos personales a cuando usted haya consentido expresamente su uso al entrar en nuestro sitio web.<br>El tratamento de sus datos personales recabados mediante cookies solamente se realizará tras la aceptación del sistema de cookies en la casilla/botón correspondiente.</li><li>Cumplimiento nuestros deberes y obligaciones de naturaleza legal respecto de mantenimiento de datos, así como para poder dar cumplimiento a cualquier requerimiento de información cursado por una autoridad competente. Entre estas obligaciones se incluye la entrega, en determinadas circunstancias, de datos de carácter personal a los citados órganos.</li></ul>



<p>Este tratamiento de datos está basado en la existencia para el GRUP LES NOTICIES DE CATALUNYA, S.L. de una obligación legal de colaboración con tales organismos.</p>



<p><strong>¿Cuál es la legitimación para el tratamiento de sus datos y qué ocurre si no facilito los datos solicitados?</strong></p>



<p>El uso de sus datos en las condiciones y para la finalidades anteriormente descritas está permitido por la normativa de protección de datos europea de conformidad con las siguientes bases jurídicas:</p>



<ul class="wp-block-list"><li>Para las comunicaciones de noticias y artículos de interés a través de nuestro sistema de subscripciones, se ha obtenido su consentimiento (se le ha presentado un formulario de consentimiento para que autorice el tratamiento de sus datos con determinadas finalidades). Lo mismo sucede con las comunicaciones comerciales realizadas como consecuencia de su subscripción al boletín del Club El Nacional (previa obtención de su consentimiento mediante un formulario de autorización).</li><li>Para el uso de cookies que tratan datos de carácter personal se ha obtenido su consenitmiento (se le ha presentado un formulario de consentimiento que ha sido aceptado).</li></ul>



<p>Para el cumplimiento de nuestros deberes y obligaciones de naturlaeza legal y dado que el tratamiento de sus datos es necesario para cumplir con nuestros deberes y &nbsp;obligaciones legales, estará obligado a facilitar sus datos personales por imperativo legal. La negativa a suministrar sus &nbsp;datos personales podría suponer la imposibilidad de cumplir con estas obligaciones legales y la autoridad competente se las requerirá en segunda instancia</p>



<p><strong>¿Por cuánto tiempo conservaremos sus datos?</strong></p>



<p>Sus datos personales serán conservados durante el tiempo necesario para cumplir la finalidad para la cual se recogieron y cuando proceda durante el tiempo en que pueda exigirse algún tipo de responsabilidad derivada de una relación u obligación jurídica o de la ejecución de un contrato o de la aplicación de medidas precontractuales solicitadas por usted.</p>



<p>Si sus datos han sido recogidos para varias finalidades distintas que nos obligan a conservarlas durante plazos distintos aplicaremos el plazo de conservación más largo.</p>



<p><strong>Medidas de seguridad:</strong></p>



<p>GRUP LES NOTICIES DE CATALUNYA, S.L.,&nbsp; se compromete al cumplimiento de su obligación de secreto de los datos de carácter personal y de su deber de guardarlos. Aunque en las transmisiones de datos a través de internet o desde una web no es posible garantizar una protección absoluta contra intrusiones, tanto nosotros como nuestros socios de negocio dedicamos los máximos esfuerzos para mantener las medidas de protección físicas, electrónicas y procedimentales para garantizar la protección de sus datos personales y evitar su alteración, pérdida, tratamiento o uso no autorizado.</p>



<p>En aquellos casos en que le hayamos facilitado una contraseña, o usted la haya elegido, que le permita acceder a determinadas partes de nuestra web o de cualquier otro portal bajo nuestro control, será de carácter personal e intransferible y usted se hace responsable de mantenerla en secreto y de cumplir con todos los demás procedimientos de seguridad que le notifiquemos.</p>



<p>GRUP LES NOTICIES DE CATALUNYA, S.L. podrá, en su caso, comunicar los datos personales recabados a empresas del grupo así como a otros colaboradores autorizados que, en calidad de encargados, podrán tratarlos para las finalidades expresamente autorizadas y consentidas por usted. No obstante, sus datos personales no podrán ser cedidos a terceros sin su previa autorización, salvo obligación legal.</p>



<p><strong>¿Cuáles son sus derechos cuando nos facilita sus datos?</strong></p>



<p>Le recordamos que usted tiene derecho a:</p>



<ul class="wp-block-list"><li>Revocar su consentimiento para el tratamiento de datos para esos fines, en los casos &nbsp;&nbsp; en los que el tratamiento de sus datos esté condicionado al consentimiento.</li><li>Solicitar más detalles e información sobre el uso que hacemos de sus datos personales.</li><li>Corregir inexactitudes en la información que mantenemos.</li><li>Borrar información&nbsp; para cuyo uso ya no tengamos base jurídica.</li><li>Oponerse a cualquier tratamiento de sus datos que tome como base jurídica el interés legitimo a menos que nuestros motivos para llevar a cabo ese tratamiento compensen cualquier posible perjuicio hacia sus derechos de protección de datos.</li><li>Restringir y limitar la manera en que utilizamos sus datos mientras se investiga una reclamación.</li><li>Solicitar la portabilidad de sus datos personales.</li></ul>



<p>Puede ejercer cualquiera de estos derechos mediante solicitud dirigida a GRUP LES NOTICIES DE CATALUNYA, S.L. por escrito a la calle Numància, 46, 4a A, llamando al teléfono 93 173 00 99 o comunicándolo por escrito a nuestra dirección de correo electrónico&nbsp;<a href="mailto:lopd@elnacional.cat">lopd@elnacional.cat</a></p>



<p>Si usted ejerciera alguno de estos derechos, comprobaremos que está facultado realmente para ello, y le responderemos en un mes o en el plazo máximo previsto en la normativa española, si éste fuera inferior.</p>



<p>Si no está satisfecho con la manera en que utilizamos su información o con nuestra respuesta ante el ejercicio de cualquiera de estos derechos, puede presentar una reclamación ante la Agencia Española de Protección de Datos u otros órganos competentes.</p>



<p>Si tiene alguna duda acerca de cualquiera de la información expuesta puede contactar en todo momento con nuestro Delegado de protección de datos: por escrito en Numància, 46, 4a A y/o en la siguiente&nbsp; cuenta de correo electrónico&nbsp;<a href="mailto:lopd@elnacional.cat">lopd@elnacional.cat</a></p>



<p><strong>Cookies:</strong></p>



<p>La web utiliza una serie de cookies propias y de terceros que recaban información durante la navegación del usuario de la web a fin de mejorar su experiencia durante la misma.</p>



<p>En el apartado de «política de cookies​» listamos una relación de las cookies utilizadas por la web que quedan almacenadas en el terminal que utiliza el usuario para poder acceder y navegar por la misma. Para más información consulte nuestra&nbsp;<a href="https://www.elnacional.cat/es/politica-de-cookies.html" rel="noreferrer noopener" target="_blank">política de cookies</a>​.</p>



<p><strong>Aplicaciones de terceros:</strong></p>



<p>Las aplicaciones que se indique ser titularidad de terceros (ej. De validación de usuario o con otros fines) pueden conllevar la transmisión de datos de carácter personal a los titulares de las mismas (ej. Twitter, Facebook, Youtube, Instagram, etc. ). GRUP LES NOTICIES DE CATALUNYA, S.L. no guarda ninguna información de carácter personal en relación a estas transmisiones, únicamente utiliza las funcionalidades de la aplicación correspondiente, y por tanto, no se hace responsable del tratamiento de datos que puedan realizar estos terceros, quedando el usuario que opta por usarlas sujeto a los términos y condiciones acordados con los titulares de estas aplicaciones.</p>

<p>¿Quien es el responsable del tratamiento de sus datos de carácter personal? A los efectos de lo establecido en el Reglamento Europeo 2016/679 del Parlamento Europeo y del Consejo de 27 de abril de 2016 y en la Ley Orgánica 3/2018, de 5 de diciembre, de Protección de Datos Personales y Garantía de los Derechos &hellip; <a href="https://club.elnacional.cat/es/politica-de-privacidad/">Continued</a></p>
